he second derivative of v**5/20 - 19*v**4/12 - 10*v**3/3 - 25*v**2/2 + 23*v - 2. What is o(20)?
-25
Suppose -8*b + 2440 = 32*b. Let l(a) = 0 + b - a - 5 - 27. What is l(12)?
17
Let j(y) = -y**2 + 17*y + 65. Let k be j(20). Suppose -18 = -3*q + 4*b, k*q - 4*b - 13 = 9. Let t(r) = 3*r - 2. Calculate t(q).
4
Let l(y) = -14*y**2 - 2*y - 1. Let h(s) = 13*s**2 - 4*s + 4. Let x be h(-2). Suppose 0 = -7*d - d + x. Let j be 1*(-4)/(d/2). Give l(j).
-13
Let s(w) = -17*w + 4. Let x(z) = 4*z - 1. Let m(k) = 2*s(k) + 9*x(k). Let d be 11/((-22)/12) + -4. Let j = -7 - d. Determine m(j).
5
Let h = 2360 - 2365. Let r be (6/4)/(2/4). Let v(i) = -i + r*i - 4 - 5*i. Calculate v(h).
11
Let y(o) = -2. Let j(g) = -5. Let b(c) = 3*j(c) - 8*y(c). Let n(q) = -q - 1424*q**2 + 4 + q**3 - 7 + 1421*q**2. Let w(x) = -2*b(x) + n(x). Calculate w(4).
7
Let h be 3/15 - 9/30*-6. Let m(v) = 56*v**2 - 106*v**2 + 0*v + 51*v**h + v - 18*v**3 - 1. Calculate m(1).
-17
Let y = 1629 + -1628. Let t = -2 - -5. Let x(s) = s**t - 3*s - s**2 + 4*s - 11*s**3. Give x(y).
-10
Suppose -110*i + 241 - 21 = 0. Let v(a) = 0*a**2 - 3*a - 5*a**2 - 3*a**2 + 4*a. Give v(i).
-30
Let h(m) be the third derivative of m**6/15 + m**5/20 - m**4/24 - 46*m**2. Let g(w) = 9*w**3 + 2*w**2 - w. Let v(a) = -3*g(a) + 2*h(a). Give v(1).
-10
Suppose 5*r + 0*z + z = -114, -5*r - 4*z - 111 = 0. Let n be (8 - 9)/((-6)/(-174)). Let g = r - n. Let s(c) = c**3 - 5*c**2 - 6*c - 1. Calculate s(g).
-1
Let n be 296/(-72) + 4 - 10960/18. Let u = -617 - n. Let f(p) = -p**2 - 9*p - 5. Give f(u).
3
Let t(y) be the third derivative of y**4/12 - y**3/6 - y**2 + 67*y. Suppose q - 5 = 4*g, -3*g + 7*q = 4*q - 3. Determine t(g).
-5
Let d(t) be the first derivative of 1/4*t**4 + 4/3*t**3 - 3*t**2 + 2*t + 92. Calculate d(-5).
7
Let g(a) = a + 10. Let z(t) = -177*t - 11. Let b be z(-1). Let k = 166 - b. Give g(k).
10
Let m = 17 - 19. Let n(q) = 8*q + 7 + 1 - 5 + 0. Let y(i) = 9*i + 4. Let b(c) = -5*n(c) + 4*y(c). Calculate b(m).
9
Let i be (-58)/(-11) + 471/(-1727). Let t(w) = -2*w**3 + 11*w**2 - 12*w + 45. Calculate t(i).
10
Suppose -b = f + 719, b + 4*f = -535 - 172. Let x = b + 712. Let n(s) = -s**3 - 11*s**2 + s + 11. What is n(x)?
0
Let t(h) be the first derivative of -h**3/3 - 3*h**2 - 3*h + 1449. Let f = 6 - 14. Calculate t(f).
-19
Let c(f) = 87*f**2 - 2*f - 1. Let g be c(-1). Let k = 91 - g. Let a(s) be the second derivative of -7*s**3/6 - 2*s. Give a(k).
-21
Let q = -1 - -2. Let k be ((-19)/2)/(10 + 210/(-20)). Let d(u) = q + k + u - 3 - 9. What is d(7)?
15
Suppose -19*b = -14*b - 55. Let g(i) = -31*i - 3 + b*i + 19*i. Suppose -m = m - 8. Calculate g(m).
-7
Let t(y) = -y**3 + 10*y**2 + y - 13. Suppose -12*g + 96 = -18*g. Let i be 5/((-120)/9) + (-166)/g. Calculate t(i).
-3
Suppose -3*j - 539*k + 17 = -538*k, 2*j = -2*k + 2. Let z(x) = -6*x**2 + 51*x - 17. Determine z(j).
7
Let w(z) = 5*z + 17 - 15*z + 4*z - 14 + 0*z. Determine w(-1).
9
Let y(h) = -4*h**2 - 24*h - 8. Let m(c) = 29*c + 313. Let s be m(-11). Determine y(s).
-8
Let g(q) = -q**2 + 11*q - 21. Let a be g(8). Let i(m) = 7 - m**a + 15*m**2 + m + 7 - 2*m - m**2. Let j be i(14). Let w(x) = x + 15. Determine w(j).
15
Let s(f) = f**3 - 3*f**2 - 6*f + 3. Let w(p) = 3*p - 15. Let k = 21 - 15. Let r be w(k). Suppose r*j + 3*v - 12 = 0, -v - 2*v = -2*j + 8. Determine s(j).
-5
Let h = -8 + -1. Let u be (-2)/h + (-208)/(-36). Let p be u/(-7)*77/11. Let g(d) = -d**2 - 7*d + 6. Determine g(p).
12
Let n(h) be the second derivative of -h**3 + 3*h**2 + 42*h. Let c be n(1). Let t(y) = -4*y + c*y - 4*y - 3 + 2. What is t(-1)?
7
Let a(s) = -s**2 - 6*s - 599 + 1199 - 601 + 2*s**3. Calculate a(3).
26
Let b(k) be the second derivative of 3*k**5/20 - 29*k**4/12 + 17*k**3/6 - k**2 - 7133*k. Determine b(9).
-11
Let y(q) be the second derivative of q**3/2 + 7*q**2/2 - 4*q + 89. Calculate y(-4).
-5
Suppose 3 = g - 3*t - 0*t, 4*g - 2*t = 12. Let m(x) = -2 + 48*x - g - 101*x + 1 + 52*x. What is m(-6)?
2
Let c(w) = -28101 + 14088 + w**2 - 16*w + 14065. Give c(13).
13
Let s be (-6 + (3 - 2))/(-1). Suppose s*j - 26 = 14. Let t(c) be the second derivative of -c**4/12 + 3*c**3/2 - c**2 + 32*c. Give t(j).
6
Let u(t) be the first derivative of t**3/3 + 7*t**2/2 + 8*t + 1. Let g(d) = -444*d - 11550. Let b be g(-26). What is u(b)?
2
Suppose 19*h = -48*h + 3 + 198. Let n(s) = -15*s + 6. Give n(h).
-39
Let j = -91 - -80. Let m(k) = k + 13. Let h be m(j). Let s(d) = 2*d + 3*d - d**2 + 4*d + 2*d**h + 9. Give s(-6).
-9
Let g = 9 + -9. Suppose z - 48 = 15*k - 13*k, -5*k + 10 = g. Let d(l) = -2*l - 56*l**2 - 3 + 109*l**2 - z*l**2 + 0*l. Determine d(4).
5
Let p be (-2)/4 + 126/28. Let c(b) = 2*b - 8. Let x be c(6). Let n(k) = k - x - 1 - 3*k. What is n(p)?
-13
Let l be 14 + -11 - (3 + 3 + -1). Let s(r) = -2*r + 1. Calculate s(l).
5
Let h(g) be the first derivative of -g**4/4 - 3*g**3 + 4*g**2 - 5*g + 58. Suppose 5*j + 82 = -2*f + 28, 0 = 4*j - 4*f + 32. Calculate h(j).
15
Suppose -71*x - 14 + 14 = 0. Let z(i) be the third derivative of 3*i**2 + 7/6*i**3 - 1/24*i**4 + 0 + x*i. Give z(3).
4
Let f(j) be the second derivative of 2*j**3/3 + 2*j**2 - 1583*j. What is f(1)?
8
Let f(d) = -25*d**2 - 8*d - 15. Let k(l) = -53*l**2 - 17*l - 33. Let c(u) = 17*f(u) - 8*k(u). Give c(-8).
-55
Let y(f) be the first derivative of f**4/4 + 10*f**3/3 - 4*f**2 + 41*f - 873. Give y(-11).
8
Let u(y) = y**2 + 2*y - 2. Let i = 54 - 56. Let l = i + 4. Suppose -4*f - l = 3*o - 6*f, -5*o = f - 14. Give u(o).
6
Let d(n) = -2*n + 9. Let v(o) = -o**3 - 15*o**2 + 7*o - 9. Let r be v(-7). Let z be (r/(-12))/(-25) + (-30)/(-4). Determine d(z).
-3
Suppose 0 = -59*i + 265 - 501. Let c(w) = -2*w + 6 - w**2 - 1 + w + 0*w. Give c(i).
-7
Let b(x) = -x**2 + 8*x + 12. Let l = -2460 + 2470. Determine b(l).
-8
Let d(q) be the third derivative of -q**5/40 - 37*q**3/6 + 33*q**2. Let t(s) be the first derivative of d(s). What is t(5)?
-15
Suppose -o = f + 3 + 2, -o - 5 = 4*f. Suppose f = -4*v + 10 - 6. Let s(w) = -245455*w**2 - 9*w**3 + w + 245455*w**2. Calculate s(v).
-8
Let k(m) = -m**2 - 5*m + 7. Let v(c) = 0*c**2 + 0*c + 5*c + 4*c**2 + c**3 + 3. Let b be v(-2). Suppose 0 = -5*t - b - 29. Calculate k(t).
1
Let x(c) = -c**3 + 5*c**2 - c + 2. Let g(u) be the third derivative of u**5/12 - 7*u**4/24 - u**3/3 - 8*u**2 - 10. Let q be g(2). Calculate x(q).
14
Let n(h) = 4*h**3 - 14*h**2 + 8*h - 67. Let y be n(4). Let k(t) = -2*t**3 - 6*t**2 + 2*t + 4. Determine k(y).
-2
Let q(n) = -21*n**2 - 23*n + 14. Let f(k) = 9*k**2 + 11*k - 5. Let h(j) = -5*f(j) - 2*q(j). Give h(-3).
-3
Suppose 2*n - 4*n = -10. Let v = 390 + -386. Let a(s) = -7*s - v + 22*s - 9*s - 7*s - 2. Determine a(n).
-11
Let z be -1*(-225)/9*(-22)/(-55). Let l(g) = -g**3 + 7*g**2 + 29*g + 16. What is l(z)?
6
Let x(w) = w**2 + 3*w - 7. Let z be x(-4). Let o(s) = 4 - 3*s + 4*s + s. Give o(z).
-2
Suppose 78 = 40*u - 27*u. Let m(z) = 783*z**3 + z - 784*z**3 + 4 + u*z**2 + 2*z. Determine m(7).
-24
Let t(s) be the first derivative of 2*s**2 + 35*s - 412. Determine t(-20).
-45
Let n be ((-3)/2 + 2)*6. Suppose 0 = n*z - z + 6. Let h(l) = 191*l**2 - 22*l + 7. Let r(f) = -215*f**2 + 24*f - 8. Let w(k) = 9*h(k) + 8*r(k). Determine w(z).
8
Let c(y) = 5*y**2 + 6*y + 347. Let d(l) = 9*l**2 + 11*l + 690. Let g(m) = -5*c(m) + 3*d(m). Let p(v) be the first derivative of g(v). Determine p(-2).
-5
Let t(o) = -12*o + 12. Let i(c) = -3*c + 12. Let a(p) = -7*i(p) + t(p). Give a(8).
0
Let j be 10/4*(2 + (-5 - -5)). Suppose 0 = 5*a + j*s - 90, 6*a - 63 = 2*a - s. Let w be 6/9*a/10. Let r(y) = y**3 + y**2 - 2*y + 1. What is r(w)?
1
Let u be (-1212)/(-108) - (-7*24/(-126))/6. Let c(r) be the third derivative of -r**4/8 + 23*r**3/6 + 3*r**2. What is c(u)?
-10
Let j(m) = -4*m - 2. Let i be j(-3). Let k = 7 - i. Let f(z) = -z**2 - z + 2. Let x be f(k). Let l(a) = a**2 + 2*a + 3. What is l(x)?
11
Let n(z) = -z**2 - 5*z + 9. Suppose 44*y = -91*y + 41*y + 1128. Determine n(y).
-195
Let z(n) be the first derivative of -39*n**2/2 + 251*n - 190. Give z(7).
-22
Let x(w) be the first derivative of 7*w**2/2 - w - 8308. Determine x(3).
20
Let v(g) = -g**2 - 13*g - 32. Let a = -9986 + 9980. Determine v(a).
10
Let v(k) = k**3 - 13*k**2 - 4*k + 13. Let d(o) = 5*o**2 + o + 1. Let w(x) = 7*x**2 + x + 1. Let a(t) = -4*d(t) + 3*w(t). Let n(g) = -5*a